6879.
3, 29, 4217
List the prime factors of 1031984.
2, 64499
List the prime factors of 8580314.
2, 149, 28793
What are the prime factors of 2304348?
2, 3, 192029
List the prime factors of 16903355.
5, 7, 17, 28409
What are the prime factors of 344999?
31, 359
What are the prime factors of 10838802?
2, 3, 13, 138959
What are the prime factors of 130750?
2, 5, 523
List the prime factors of 141128.
2, 13, 23, 59
What are the prime factors of 426647?
13, 37, 887
What are the prime factors of 1098757?
11, 59, 1693
List the prime factors of 157029.
3, 17, 3079
List the prime factors of 1693604.
2, 11, 61, 631
What are the prime factors of 139220?
2, 5, 6961
What are the prime factors of 1275170?
2, 5, 13, 17, 577
What are the prime factors of 25045?
5, 5009
What are the prime factors of 1994209?
7, 347, 821
What are the prime factors of 2883026?
2, 71, 79, 257
What are the prime factors of 39?
3, 13
What are the prime factors of 5943687?
3, 89, 113, 197
List the prime factors of 1767548.
2, 441887
What are the prime factors of 2118213?
3, 37, 6361
List the prime factors of 182463.
3, 60821
List the prime factors of 735553.
7, 13, 59, 137
List the prime factors of 847180.
2, 5, 42359
What are the prime factors of 750646?
2, 13, 28871
What are the prime factors of 395580?
2, 3, 5, 19, 347
List the prime factors of 65614.
2, 53, 619
What are the prime factors of 248700?
2, 3, 5, 829
What are the prime factors of 1147512?
2, 3, 137, 349
What are the prime factors of 271852?
2, 7, 19, 73
List the prime factors of 1634571.
3, 181619
What are the prime factors of 121858?
2, 11, 29, 191
What are the prime factors of 4351393?
23, 277, 683
What are the prime factors of 5349854?
2, 2674927
What are the prime factors of 136932?
2, 3, 11411
List the prime factors of 427786.
2, 107, 1999
List the prime factors of 107995.
5, 21599
List the prime factors of 455534.
2, 239, 953
List the prime factors of 471842.
2, 7, 33703
What are the prime factors of 378651?
3, 7, 13, 19, 73
List the prime factors of 1224543.
3, 23, 17747
What are the prime factors of 172835?
5, 13, 2659
What are the prime factors of 3674183?
163, 22541
What are the prime factors of 1441?
11, 131
What are the prime factors of 411532?
2, 11, 47, 199
What are the prime factors of 229169?
101, 2269
What are the prime factors of 11266491?
3, 419, 8963
List the prime factors of 1076626.
2, 37, 14549
What are the prime factors of 564348?
2, 3, 131, 359
What are the prime factors of 4269543?
3, 1423181
What are the prime factors of 8477311?
8477311
What are the prime factors of 274240?
2, 5, 857
List the prime factors of 13929945.
3, 5, 19, 37, 1321
What are the prime factors of 41457060?
2, 3, 5, 109, 2113
What are the prime factors of 2750695?
5, 550139
What are the prime factors of 315424?
2, 9857
What are the prime factors of 4866958?
2, 1549, 1571
List the prime factors of 432303.
3, 29, 4969
What are the prime factors of 980461?
29, 33809
List the prime factors of 131156.
2, 32789
List the prime factors of 143063.
143063
List the prime factors of 3266107.
13, 277, 907
List the prime factors of 248774.
2, 173, 719
List the prime factors of 1833394.
2, 491, 1867
What are the prime factors of 49586?
2, 24793
List the prime factors of 471494.
2, 235747
What are the prime factors of 103237?
103237
What are the prime factors of 1792338?
2, 3, 298723
What are the prime factors of 2045443?
67, 30529
List the prime factors of 121766.
2, 107, 569
What are the prime factors of 308226?
2, 3, 47, 1093
List the prime factors of 336619.
79, 4261
What are the prime factors of 1597058?
2, 31, 25759
What are the prime factors of 23548215?
3, 5, 71, 22111
List the prime factors of 13549287.
3, 4516429
List the prime factors of 4107527.
4107527
What are the prime factors of 162714?
2, 3, 47, 577
List the prime factors of 7176092.
2, 7, 11, 23, 1013
What are the prime factors of 4149407?
23, 29, 6221
List the prime factors of 251785.
5, 37, 1361
What are the prime factors of 84297?
3, 28099
List the prime factors of 452567.
53, 8539
What are the prime factors of 1176973?
7, 277, 607
List the prime factors of 159590.
2, 5, 15959
List the prime factors of 1171529.
1171529
What are the prime factors of 783764?
2, 53, 3697
List the prime factors of 14243829.
3, 4747943
List the prime factors of 6605966.
2, 107, 30869
List the prime factors of 2428123.
2428123
What are the prime factors of 3306721?
11, 17, 17683
List the prime factors of 321171.
3, 107057
List the prime factors of 358435.
5, 7, 11, 19
What are the prime factors of 207764?
2, 51941
What are the prime factors of 242019?
3, 26891
List the prime factors of 19109551.
1063, 17977
What are the prime factors of 319870?
2, 5, 29, 1103
List the prime factors of 89971.
7, 12853
List the prime factors of 2300792.
2, 13, 22123
List the prime factors of 5025025.
5, 19, 71, 149
List the prime factors of 11241985.
5, 157, 14321
List the prime factors of 4472706.
2, 3, 7, 109, 977
What are the prime factors of 552229?
41, 13469
List the prime factors of 6513507.
3, 7, 11, 13, 241
List the prime factors of 3288239.
1289, 2551
What are the prime factors of 565850?
2, 5, 11317
List the prime factors of 723279.
3, 241093
What are the prime factors of 856179?
3, 95131
What are the prime factors of 469844?
2, 23, 5107
What are the prime factors of 4803279?
3, 13, 79, 1559
What are the prime factors of 186402?
2, 3, 47, 661
List the prime factors of 863589.
3, 287863
What are the prime factors of 953665?
5, 29, 6577
List the prime factors of 15907711.
157, 101323
List the prime factors of 151745.
5, 11, 31, 89
List the prime factors of 6179011.
59, 104729
What are the prime factors of 19199430?
2, 3, 5, 7901
List the prime factors of 289302.
2, 3, 13, 3709
List the prime factors of 3409076.
2, 11, 77479
List the prime factors of 3604625.
5, 28837
What are the prime factors of 147113?
131, 1123
What are the prime factors of 26026272?
2, 3, 3347
List the prime factors of 14154045.
3, 5, 943603
List the prime factors of 1107294.
2, 3, 179, 1031
List the prime factors of 8699478.
2, 3, 17, 29, 173
What are the prime factors of 26582171?
7, 11, 97, 3559
List the prime factors of 11414660.
2, 5, 570733
What are the prime factors of 673503?
3, 224501
List the prime factors of 6939135.
3, 5, 7, 1049
List the prime factors of 2035693.
11, 185063
List the prime factors of 6769209.
3, 29, 2683
What are the prime factors of 27309527?
7, 449, 8689
List the prime factors of 279174.
2, 3, 7, 17, 23
What are the prime factors of 35912?
2, 67
List the prime factors of 2255760.
2, 3, 5, 13, 241
What are the prime factors of 7720824?
2, 3, 23, 71, 197
List the prime factors of 115944.
2, 3, 4831
What are the prime factors of 2774107?
7, 396301
What are the prime factors of 7101145?
5, 599, 2371
List the prime factors of 1396368.
2, 3, 9697
List the prime factors of 86371.
86371
List the prime factors of 16204641.
3, 691, 7817
List the prime factors of 492282.
2, 3, 7, 3907
List the prime factors of 191249.
191249
What are the prime factors of 324727?
13, 24979
What are the prime factors of 1011728?
2, 37, 1709
List the prime factors of 30811.
11, 2801
List the prime factors of 237695.
5, 137, 347
What are the prime factors of 1612235?
5, 89, 3623
List the prime factors of 704233.
704233
List the prime factors of 880674.
2, 3, 37, 3967
List the prime factors of 9189274.
2, 19, 241823
List the prime factors of 782218.
2, 421, 929
What are the prime factors of 2422743?
3, 31, 109, 239
What are the prime factors of 44170?
2, 5, 7, 631
List the prime factors of 6514276.
2, 67, 109, 223
List the prime factors of 3122689.
37, 2281
List the prime factors of 9059589.
3, 7, 11, 17, 769
What are the prime factors of 22011927?
3, 7, 137, 1093
What are the prime factors of 807142?
2, 7, 57653
What are the prime factors of 3595872?
2, 3, 7, 5351
List the prime factors of 4637751.
3, 1545917
What are the prime factors of 465677?
211, 2207
What are the prime factors of 644368?
2, 17, 23, 103
List the prime factors of 2762689.
31, 89119
What are the prime factors of 56684?
2, 37, 383
List the prime factors of 288225.
3, 5, 7, 61
List the prime factors of 56844.
2, 3, 1579
What are the prime factors of 239904?
